Calculate a(-1).
-10
Let z = -8 + 10. Suppose o + 6 = z*o. Let f(r) = -r**3 + 7*r**2 - 5*r - 7. Give f(o).
-1
Let h(v) = v**3 - 7*v**2 - 8*v - 9. Let c(w) = 3*w**2 + 11*w + 4. Let b be c(-4). What is h(b)?
-9
Suppose -1 = 2*s - 7. Let l(p) = p**3 - 3*p**2 + 3*p + 1. Calculate l(s).
10
Let v(q) = 7*q - 4. Let a(b) = 6*b - 4. Let l(r) = 6*a(r) - 5*v(r). Determine l(4).
0
Let x(o) = -o**3 + o**2 - o + 2. Let m be x(0). Let l(q) = -3*q + 228 - q**m - 228. What is l(-3)?
0
Let v be 1/3 + 15/9. Let m(h) be the third derivative of h**2 + 0*h**3 + 0 + 1/12*h**4 + 0*h. What is m(v)?
4
Let t(l) = 6*l**2 - 7*l - 7*l**2 + 4*l + 1 - 3*l. Suppose -u + 2*u + 13 = -3*k, -u + 5 = 0. What is t(k)?
1
Let v(k) = 12*k**2 + 7*k - 7. Let g(i) = 13*i**2 + 8*i - 8. Let t(z) = -6*g(z) + 7*v(z). Let d be ((-2)/(-6))/(3/9). Give t(d).
6
Let d(j) = j**2 - 7*j - 4. Let a(w) = -2*w**2 + 13*w + 8. Let p(x) = 6*a(x) + 11*d(x). Determine p(3).
-2
Let p(k) = 7*k**3 + k - 1. Let z be (0 - (-3)/1)*(-1)/(-3). Calculate p(z).
7
Let z(n) = -n + 2. Let i be z(-6). Suppose -y - i = -5*y. Let r(x) = 4*x**2 + x**2 - 4 + x**3 - y. Determine r(-5).
-6
Let f(s) = -s**3 + 4*s**2 + 2*s - 3. Let t be f(4). Let w = -7 + 6. Let k = w - t. Let g(z) = -z**2 - 7*z - 4. Give g(k).
2
Let g(b) = -1 + 9*b + 7 - 6 - 8*b. Suppose 0 = -5*o - 8 - 7. Give g(o).
-3
Let q(w) = -w**2 + w - 1. Let u be ((-4)/3)/(1/(-3)). Let b(z) = -z**3 + 3*z**2 + 5*z - 4. Let p be b(u). Suppose p = -4*i - 6 - 2. Give q(i).
-7
Suppose -2*y - y = -6. Let h(d) be the first derivative of -d**4/4 + d**3 - 3*d**2/2 + d - 9. Let k be h(y). Let n(j) = -9*j**3. Calculate n(k).
9
Let p(g) = 7*g. Suppose b + 0*b = 3. Let c be 4*((-6)/4)/b. Let i be c/6*(-6)/2. Give p(i).
7
Let r(j) = -3*j**2 + 1. Let o(y) be the second derivative of -7*y**4/12 + 3*y**2/2 + 5*y. Let f(p) = 2*o(p) - 5*r(p). Give f(2).
5
Let j(r) = r**3 - 4*r**2 - 6*r + 1. Suppose -4*k = 5*p + 7, 0 = k - 2*p + 4 - 12. Let u be k - (0/3 - 3). Determine j(u).
-4
Let c(v) be the third derivative of -v**5/60 - v**4/6 + v**3/6 - 4*v**2. Determine c(-5).
-4
Suppose -28*z = -29*z - 5. Let w(a) = a**3 + 4*a**2 - 6*a. Determine w(z).
5
Let h(k) be the first derivative of 2*k**2 + k - 3. What is h(1)?
5
Let j(b) = 129*b**2 - 128*b**2 - 6*b + 12 - 19. What is j(5)?
-12
Let t(i) be the second derivative of -i**5/40 + 7*i**4/24 - i**3/3 - i. Let z(j) be the second derivative of t(j). Calculate z(5).
-8
Let g(d) = -7*d**3 + d**2 - 6*d + 2. Let p(i) = -6*i**3 - 5*i + 1. Let m(a) = -5*g(a) + 6*p(a). Determine m(-5).
-4
Suppose 4*i + 5*x - 1 = 8, 3*i - 7 = -4*x. Let o = i - 4. Let u = o - -2. Let j(a) = -4*a**2 - 2*a - 1. Calculate j(u).
-3
Let s(o) = o - 9. Let t be s(0). Let q be 3*-3*5/t. Let b(p) be the third derivative of -p**4/12 + 2*p**3/3 + 2*p**2. What is b(q)?
-6
Let c(r) = 4*r**3 + r + 3. Suppose j - 1 + 3 = 0. Let k(q) = 3*q**3 + 2*q + 4. Let w(v) = j*k(v) + 3*c(v). Determine w(1).
6
Let i be (32/(-12))/(6/(-9)). Let f(y) = -y + 6. Determine f(i).
2
Let n(c) be the second derivative of -c**4/6 - c**3/3 + 3*c**2/2 - 7*c. Give n(-3).
-9
Let q(z) = -z**3 - 2*z + 1. Let g be 2/7 + (-20)/(-28). Determine q(g).
-2
Suppose -2*m - 5*b = -5 - 12, 0 = 3*m + 2*b - 9. Let f = 6 - m. Let a(t) = t - 5. Calculate a(f).
0
Let j(u) = -u + 1. Suppose 0 = -2*w - 0*w + 10. Let d(i) = -3 + i - 3 + 1. Let n be d(w). Determine j(n).
1
Let l(f) = -2*f**3 - f. Suppose t - 2*t - 4 = 0, -4*g - 5*t - 24 = 0. Give l(g).
3
Suppose 0 = 4*u - 0*l - 5*l + 189, 4*l = 4*u + 192. Let h = u + 96. Suppose 5*q + 4*d = -h, d = -0*d - 5. Let z(s) = s**2 + 4*s + 2. Give z(q).
7
Let m(j) = 4*j**3 - 14*j**2 + 4*j - 1. Let v(q) = -q**3 + q**2 + q - 1. Let d(s) = m(s) + 5*v(s). Let z be d(-10). Let u(r) = r**2 - 4*r - 1. Calculate u(z).
-1
Suppose 3*b - 2 = 7. Suppose b*m + 2*o + 1 = 2, 0 = 5*m + 4*o + 1. Let k(f) = 2 - 5 + 2*f + 2. Give k(m).
5
Suppose 0 = 3*t - 2*u + 3*u + 28, -12 = 3*u. Suppose -5*p - 3*r + 49 = 0, 9*p + 4*r = 4*p + 52. Let m = t + p. Let z(n) = n**2 - 3. Give z(m).
-3
Let f(w) = w + 14. Let s be f(-10). Let b be (s + 0)*21/(-28). Let i(o) be the second derivative of o**5/20 + o**4/3 + o**2 + o. Determine i(b).
11
Let f(m) = 4*m**2 - 9*m - 5. Let v(j) = -9*j**2 + 19*j + 10. Let k(x) = 7*f(x) + 3*v(x). Determine k(6).
-5
Let r(q) = 2*q + 16. Let t be r(-6). Let g(x) = 3*x**2 + 3*x. Let u be g(-2). Suppose -5*d - 10 = 5*h, -t*h - 1 = -d - u*h. Let a(c) = c**2 + 5*c. Give a(d).
0
Suppose 0 = -12*d + 15*d + 18. Let g(k) = -k + k**2 + 8 + 5*k + k. Give g(d).
14
Let n = -43 + 45. Let b = 2 + -1. Let k(p) = -p - n - 1 - b. Calculate k(0).
-4
Let p be 1/6 - (-304)/(-96). Let q(o) be the second derivative of o**3/3 - o**2/2 - o. Give q(p).
-7
Let t(c) = 2*c - 2. Let z(j) = -j + 1. Suppose 3*r - 13 = -3*w - 1, -2 = r - 5*w. Let l(v) = r*z(v) + 2*t(v). Give l(1).
0
Let k(d) = d + 3. Let t(x) = -x + 1. Let i be t(-2). Determine k(i).
6
Suppose c + 5 = 11. Let n be (-2 + 0)*6/c. Let w(y) = -3*y**2 - y**3 + 0*y**3 + 0 - 3 - 2*y. Calculate w(n).
-3
Let c(b) be the first derivative of 3*b**2/2 + 5*b - 1. Determine c(-4).
-7
Let c(f) be the second derivative of 1/20*f**5 - 1/12*f**4 + 0*f**3 - 3*f + 0*f**2 + 0. Determine c(2).
4
Let c(y) = -4*y**2 + 6. Let k(v) = v**2. Let u(z) = c(z) + 5*k(z). What is u(0)?
6
Let l(i) = -i**3 + 8*i**2 - 8*i + 3. Let q be l(7). Let n(g) = 4*g - 2. Let k be n(2). Let u(t) = 2*t**2 - 4*t**2 - 2*t**2 - 4*t - t**3 - k. Determine u(q).
10
Let u(p) = -p - 7. Let h be (4/6)/((-6)/(-36)). Suppose -3*r = -12, h*f - 5*r + 20 = -0*f. Determine u(f).
-7
Let j(f) be the third derivative of -f**4/12 + f**3/6 + f**2. Let h be 1 - (-2 - -2 - -2). What is j(h)?
3
Suppose -2*b + 1 = -7. Let g(p) = 0*p + b + 0*p - p. Calculate g(0).
4
Let z be 4/(-6) - 32/(-12). Suppose z*q = q + 3. Suppose 0 = q*v - 0*v. Let i(y) = -y**3 + y - 6. Calculate i(v).
-6
Let o(z) = -z**3 + 7*z**2 - 6*z + 3. Let m be o(6). Let q(w) = -4*w + 2 + 8*w - 3*w**3 - 3*w**3 + 5*w**m - 3*w**2. Determine q(-3).
-10
Suppose -4*p + 3*w = -0*w, 5*w = -4*p. Let a be 2 + 1 - p/(-1). Let v(z) = -3 + z**3 + 0*z**3 + 3*z**2 + 2*z**2 - 2*z + 0*z**a. Give v(-5).
7
Let q(d) = d**3 - 9*d**2 - 10*d + 1. Let u(i) = i**2 + i. Let o(a) = -q(a) - 6*u(a). Give o(3).
11
Suppose 3*o + 19 = 7. Let f be (-1)/o + 3/4. Let r be (-1)/(-2)*f*0. Let u(h) = h**2 - 3. Give u(r).
-3
Let f(b) be the second derivative of b**5/5 - b**4/6 - b**3/6 - 10*b. Calculate f(-1).
-5
Let n(j) = 8*j - 2 + 0*j - 2 - j**2 - 4*j. Calculate n(6).
-16
Let b(j) = j**2 - 5*j - 5. Suppose 2*u = 7 + 3. Determine b(u).
-5
Let t(p) = p**2 + 2*p - 7*p**2 + 2 + 8*p**2 + p. Determine t(-2).
4
Let g be (1 - -4)*12/(-10). Let z = g + 4. Let q be -2 + 1 - z/(-2). Let b(x) = -3*x - 3. Determine b(q).
3
Let k(g) be the first derivative of -g**4/4 - 7*g**3/3 - 7*g**2/2 - 3*g - 24. Give k(-6).
3
Let t(x) = -2*x + 9 - 4 - 3 - x**2. What is t(-3)?
-1
Let f(n) = -5. Let w(m) = -m + 7. Let t(s) = 5*f(s) + 5*w(s). Let x(j) = 9*j - 19. Let b(d) = 5*t(d) + 3*x(d). What is b(5)?
3
Let l be 104/10 + (-6)/15. Suppose -6*b = -4*b - l. Let i(w) = 6 + 1 + 0*w**2 + 4*w - w**2. Determine i(b).
2
Let p(u) = u + 1. Let w(r) = 7 + r**3 + r**2 - 9*r - 3*r**2 - 5*r**2. Let i be w(7). Let s be i/20 - (-2)/(-10). What is p(s)?
-2
Let z(r) = -9*r - 8. Let n(l) = 22*l + 20. Let m(x) = 5*n(x) + 12*z(x). Calculate m(-4).
-4
Let u(p) = p - 2. Let k(b) = -2*b + 2. Let w(g) = 2*k(g) + 3*u(g). Calculate w(5).
-7
Suppose 12 = 3*p - 0*p + 3*d, -d = -5*p - 4. Let i be 5/(3 - 2) + -1. Let u(l) = l + p + l + i. What is u(-4)?
-4
Let x(n) = 6*n. Let q(b) = -b - 1. Let a(f) = 5*q(f) + x(f). Suppose k = 3*u - 14, -5*u = -4*k + 2 - 23. Give a(u).
0
Let r(c) = 5*c. Let z(x) = -x + 3. Let h be z(2). Calculate r(h).
5
Let j = 79 - 83. Let a(u) = -3*u - 1. Let w(c) = 9*c + 3. Let z(y) = 8*a(y) + 3*w(y). Calculate z(j).
-11
Let f(x) = -x**2 - x - 6. Suppose -7*p + 4*p = 0. Give f(p).
-6
Let n be ((30/(-5))/3 - -4) + 0. Let r(s) be the first derivative of -2*s**3/3 + s**2 - s + 2. Give r(n).
-5
Let k be (5/(10/8))/2. Let r(z) = -2*z**2 + 5*z**2 - 3*z**k + 2*z**2 - 3*z + 2. Give r(2).
4
Let o(v) = -v**2 + 6*v + 1. Let a(p) = 2*p + 3. Let i be a(3). Let h = 14 - i. Let g(u) = u**3 - 5*u**2 + 5. Let j be g(h). Determine o(j).
6
Suppose -h = r